{"id":3099,"date":"2026-04-29T11:50:38","date_gmt":"2026-04-29T08:50:38","guid":{"rendered":"https:\/\/lummetiedotus.fi\/?post_type=tribe_events&#038;p=3099"},"modified":"2026-04-29T11:50:38","modified_gmt":"2026-04-29T08:50:38","slug":"sydanviikon-luento","status":"publish","type":"tribe_events","link":"https:\/\/lummetiedotus.fi\/?tribe_events=sydanviikon-luento","title":{"rendered":"Syd\u00e4nviikon luento"},"content":{"rendered":"<p><img loading=\"lazy\" decoding=\"async\" class=\"size-medium wp-image-3100 alignnone\" src=\"https:\/\/lummetiedotus.fi\/wp-content\/uploads\/2026\/04\/Sydanliitto-LOGO-UUSI-300x300.jpg\" alt=\"\" width=\"300\" height=\"300\" srcset=\"https:\/\/lummetiedotus.fi\/wp-content\/uploads\/2026\/04\/Sydanliitto-LOGO-UUSI-300x300.jpg 300w, https:\/\/lummetiedotus.fi\/wp-content\/uploads\/2026\/04\/Sydanliitto-LOGO-UUSI-150x150.jpg 150w, https:\/\/lummetiedotus.fi\/wp-content\/uploads\/2026\/04\/Sydanliitto-LOGO-UUSI-768x768.jpg 768w, https:\/\/lummetiedotus.fi\/wp-content\/uploads\/2026\/04\/Sydanliitto-LOGO-UUSI.jpg 900w\" sizes=\"auto, (max-width: 300px) 100vw, 300px\" \/><\/p>\n<p>Syd\u00e4nviikkoa vietet\u00e4\u00e4n 17.-24.5. Viikon kunniaksi Mikkelin Seudun Syd\u00e4nyhdistys ry. j\u00e4rjest\u00e4\u00e4 Mikkelin p\u00e4\u00e4kirjastolla luennon aiheesta &#8221;Rytmik\u00e4st\u00e4 arkea: Syd\u00e4men tavallisimmat rytmih\u00e4iri\u00f6t&#8221;. Luennoitsijana toimii kardiologi Iiro Hassinen.<\/p>\n<p>Tilaisuus j\u00e4rjestet\u00e4\u00e4n Mikkeli-salissa torstaina 21.5.2026 klo 17 ja siihen on vapaa p\u00e4\u00e4sy.<\/p>\n<p>Tervetuloa!<\/p>\n","protected":false},"excerpt":{"rendered":"<p>Syd\u00e4nviikkoa vietet\u00e4\u00e4n 17.-24.5. Viikon kunniaksi Mikkelin Seudun Syd\u00e4nyhdistys ry. j\u00e4rjest\u00e4\u00e4 Mikkelin p\u00e4\u00e4kirjastolla luennon aiheesta &#8221;Rytmik\u00e4st\u00e4 arkea: Syd\u00e4men tavallisimmat rytmih\u00e4iri\u00f6t&#8221;. Luennoitsijana toimii kardiologi Iiro Hassinen. Tilaisuus j\u00e4rjestet\u00e4\u00e4n Mikkeli-salissa torstaina 21.5.2026 klo&hellip; <a class=\"more-link\" href=\"https:\/\/lummetiedotus.fi\/?tribe_events=sydanviikon-luento\">Jatka lukemista <span class=\"screen-reader-text\">Syd\u00e4nviikon luento<\/span><\/a><\/p>\n","protected":false},"author":28,"featured_media":0,"template":"","meta":{"_tribe_events_status":"","_tribe_events_status_reason":"","footnotes":""},"tags":[204,203],"tribe_events_cat":[24,27,46,74,7,34],"class_list":["post-3099","tribe_events","type-tribe_events","status-publish","hentry","tag-mikkelin-seudun-sydanyhdistys","tag-sydanviikko","tribe_events_cat-events","tribe_events_cat-luento","tribe_events_cat-mikkelin_paakirjasto","tribe_events_cat-mikkelin_seutukirjasto","tribe_events_cat-muut_tapahtumat","tribe_events_cat-rss","cat_events","cat_luento","cat_mikkelin_paakirjasto","cat_mikkelin_seutukirjasto","cat_muut_tapahtumat","cat_rss","entry"],"_links":{"self":[{"href":"https:\/\/lummetiedotus.fi\/index.php?rest_route=\/wp\/v2\/tribe_events\/3099","targetHints":{"allow":["GET"]}}],"collection":[{"href":"https:\/\/lummetiedotus.fi\/index.php?rest_route=\/wp\/v2\/tribe_events"}],"about":[{"href":"https:\/\/lummetiedotus.fi\/index.php?rest_route=\/wp\/v2\/types\/tribe_events"}],"author":[{"embeddable":true,"href":"https:\/\/lummetiedotus.fi\/index.php?rest_route=\/wp\/v2\/users\/28"}],"version-history":[{"count":1,"href":"https:\/\/lummetiedotus.fi\/index.php?rest_route=\/wp\/v2\/tribe_events\/3099\/revisions"}],"predecessor-version":[{"id":3101,"href":"https:\/\/lummetiedotus.fi\/index.php?rest_route=\/wp\/v2\/tribe_events\/3099\/revisions\/3101"}],"wp:attachment":[{"href":"https:\/\/lummetiedotus.fi\/index.php?rest_route=%2Fwp%2Fv2%2Fmedia&parent=3099"}],"wp:term":[{"taxonomy":"post_tag","embeddable":true,"href":"https:\/\/lummetiedotus.fi\/index.php?rest_route=%2Fwp%2Fv2%2Ftags&post=3099"},{"taxonomy":"tribe_events_cat","embeddable":true,"href":"https:\/\/lummetiedotus.fi\/index.php?rest_route=%2Fwp%2Fv2%2Ftribe_events_cat&post=3099"}],"curies":[{"name":"wp","href":"https:\/\/api.w.org\/{rel}","templated":true}]}}

Sydänviikon luento

<p><img loading="lazy" decoding="async" class="size-medium wp-image-3100 alignnone" src="https://lummetiedotus.fi/wp-content/uploads/2026/04/Sydanliitto-LOGO-UUSI-300x300.jpg" alt="" width="300" height="300" srcset="https://lummetiedotus.fi/wp-content/uploads/2026/04/Sydanliitto-LOGO-UUSI-300x300.jpg 300w, https://lummetiedotus.fi/wp-content/uploads/2026/04/Sydanliitto-LOGO-UUSI-150x150.jpg 150w, https://lummetiedotus.fi/wp-content/uploads/2026/04/Sydanliitto-LOGO-UUSI-768x768.jpg 768w, https://lummetiedotus.fi/wp-content/uploads/2026/04/Sydanliitto-LOGO-UUSI.jpg 900w" sizes="auto, (max-width: 300px) 100vw, 300px" /></p>
<p>Sydänviikkoa vietetään 17.-24.5. Viikon kunniaksi Mikkelin Seudun Sydänyhdistys ry. järjestää Mikkelin pääkirjastolla luennon aiheesta &#8221;Rytmikästä arkea: Sydämen tavallisimmat rytmihäiriöt&#8221;. Luennoitsijana toimii kardiologi Iiro Hassinen.</p>
<p>Tilaisuus järjestetään Mikkeli-salissa torstaina 21.5.2026 klo 17 ja siihen on vapaa pääsy.</p>
<p>Tervetuloa!</p>

<p>Sydänviikkoa vietetään 17.-24.5. Viikon kunniaksi Mikkelin Seudun Sydänyhdistys ry. järjestää Mikkelin pääkirjastolla luennon aiheesta &#8221;Rytmikästä arkea: Sydämen tavallisimmat rytmihäiriöt&#8221;. Luennoitsijana toimii kardiologi Iiro Hassinen. Tilaisuus järjestetään Mikkeli-salissa torstaina 21.5.2026 klo&hellip; <a class="more-link" href="https://lummetiedotus.fi/?tribe_events=sydanviikon-luento">Jatka lukemista <span class="screen-reader-text">Sydänviikon luento</span></a></p>
