{"id":2094,"date":"2025-08-17T13:52:42","date_gmt":"2025-08-17T10:52:42","guid":{"rendered":"https:\/\/lummetiedotus.fi\/?post_type=tribe_events&#038;p=2094"},"modified":"2026-04-16T11:24:18","modified_gmt":"2026-04-16T08:24:18","slug":"paivalukupiiri","status":"publish","type":"tribe_events","link":"https:\/\/lummetiedotus.fi\/?tribe_events=paivalukupiiri","title":{"rendered":"P\u00e4iv\u00e4lukupiiri"},"content":{"rendered":"<p><img loading=\"lazy\" decoding=\"async\" class=\"size-medium wp-image-2534 alignnone\" src=\"https:\/\/lummetiedotus.fi\/wp-content\/uploads\/2025\/08\/Kevat-2026-Paivalukupiiri-v2-300x300.jpg\" alt=\"\" width=\"300\" height=\"300\" srcset=\"https:\/\/lummetiedotus.fi\/wp-content\/uploads\/2025\/08\/Kevat-2026-Paivalukupiiri-v2-300x300.jpg 300w, https:\/\/lummetiedotus.fi\/wp-content\/uploads\/2025\/08\/Kevat-2026-Paivalukupiiri-v2-1024x1024.jpg 1024w, https:\/\/lummetiedotus.fi\/wp-content\/uploads\/2025\/08\/Kevat-2026-Paivalukupiiri-v2-150x150.jpg 150w, https:\/\/lummetiedotus.fi\/wp-content\/uploads\/2025\/08\/Kevat-2026-Paivalukupiiri-v2-768x768.jpg 768w, https:\/\/lummetiedotus.fi\/wp-content\/uploads\/2025\/08\/Kevat-2026-Paivalukupiiri-v2.jpg 1080w\" sizes=\"auto, (max-width: 300px) 100vw, 300px\" \/><\/p>\n<p>P\u00e4\u00e4kirjaston P\u00e4iv\u00e4lukupiiriss\u00e4 keskustellaan rennosti yhdess\u00e4 luetusta kirjasta ja sen her\u00e4tt\u00e4mist\u00e4 ajatuksista.\u00a0<br class=\"html-br\" \/><br class=\"html-br\" \/>P\u00e4iv\u00e4lukupiiri kokoontuu tiistaisin klo 15-16 p\u00e4\u00e4kirjaston toisen kerroksen kokoustila Porrassalmessa. Tila on sama kuin aiemmin, eli maakuntakokoelmahuoneena ja monitoimitilana tunnettu iso kokoushuone p\u00e4\u00e4kirjaston toisessa kerroksessa, vain nimi on vaihtunut.<\/p>\n<p>Ke\u00e4v\u00e4tkaudella 2026 k\u00e4sitell\u00e4\u00e4n seuraavat kirjat:<\/p>\n<ul class=\"wp-block-list\">\n<li>20.1. <a href=\"https:\/\/lumme.finna.fi\/Search\/Results?lookfor=Markus+Nummi%3A+K%C3%A4r%C3%A4j%C3%A4t&amp;type=AllFields\">Markus Nummi: K\u00e4r\u00e4j\u00e4t<\/a><\/li>\n<li>17.2. <a href=\"https:\/\/lumme.finna.fi\/Record\/lumme.3081273?sid=5187739844\">Juha Hernesniemi: Aivokirurgin muistelmat<\/a><\/li>\n<li>17.3. <a href=\"https:\/\/lumme.finna.fi\/Record\/lumme.3018807?sid=5187740603\">Colson Whitehead: Nickelin pojat<\/a><\/li>\n<li>14.4. <a href=\"https:\/\/lumme.finna.fi\/Record\/lumme.2953968?sid=5187740921\">Satu Vasantola: En palaa takaisin koskaan, luulen<\/a><\/li>\n<li>12.5. <a href=\"https:\/\/lumme.finna.fi\/Record\/lumme.3081072?sid=5187741242\">Maria Turtschaninoff: Suomaa<\/a><\/li>\n<\/ul>\n<p>Lis\u00e4tietoja:<br \/>\nriia.tiihonen at sivistys.mikkeli.fi.<\/p>\n<p>P\u00e4iv\u00e4lukupiiri kirjaston sivuilla:<br \/>\n<a href=\"https:\/\/kirjasto.mikkeli.fi\/lukupiirit\/paivalukupiiri\/\">https:\/\/kirjasto.mikkeli.fi\/lukupiirit\/paivalukupiiri\/<\/a><\/p>\n","protected":false},"excerpt":{"rendered":"<p>P\u00e4\u00e4kirjaston P\u00e4iv\u00e4lukupiiriss\u00e4 keskustellaan rennosti yhdess\u00e4 luetusta kirjasta ja sen her\u00e4tt\u00e4mist\u00e4 ajatuksista.\u00a0P\u00e4iv\u00e4lukupiiri kokoontuu tiistaisin klo 15-16 p\u00e4\u00e4kirjaston toisen kerroksen kokoustila Porrassalmessa. Tila on sama kuin aiemmin, eli maakuntakokoelmahuoneena ja monitoimitilana tunnettu&hellip; <a class=\"more-link\" href=\"https:\/\/lummetiedotus.fi\/?tribe_events=paivalukupiiri\">Jatka lukemista <span class=\"screen-reader-text\">P\u00e4iv\u00e4lukupiiri<\/span><\/a><\/p>\n","protected":false},"author":28,"featured_media":0,"template":"","meta":{"_tribe_events_status":"","_tribe_events_status_reason":"","footnotes":""},"tags":[97],"tribe_events_cat":[24,3,29,46,74,34],"class_list":["post-2094","tribe_events","type-tribe_events","status-publish","hentry","tag-lukupiirit","tribe_events_cat-events","tribe_events_cat-kirjallisuus","tribe_events_cat-lukupiiri","tribe_events_cat-mikkelin_paakirjasto","tribe_events_cat-mikkelin_seutukirjasto","tribe_events_cat-rss","cat_events","cat_kirjallisuus","cat_lukupiiri","cat_mikkelin_paakirjasto","cat_mikkelin_seutukirjasto","cat_rss","entry"],"_links":{"self":[{"href":"https:\/\/lummetiedotus.fi\/index.php?rest_route=\/wp\/v2\/tribe_events\/2094","targetHints":{"allow":["GET"]}}],"collection":[{"href":"https:\/\/lummetiedotus.fi\/index.php?rest_route=\/wp\/v2\/tribe_events"}],"about":[{"href":"https:\/\/lummetiedotus.fi\/index.php?rest_route=\/wp\/v2\/types\/tribe_events"}],"author":[{"embeddable":true,"href":"https:\/\/lummetiedotus.fi\/index.php?rest_route=\/wp\/v2\/users\/28"}],"version-history":[{"count":9,"href":"https:\/\/lummetiedotus.fi\/index.php?rest_route=\/wp\/v2\/tribe_events\/2094\/revisions"}],"predecessor-version":[{"id":2536,"href":"https:\/\/lummetiedotus.fi\/index.php?rest_route=\/wp\/v2\/tribe_events\/2094\/revisions\/2536"}],"wp:attachment":[{"href":"https:\/\/lummetiedotus.fi\/index.php?rest_route=%2Fwp%2Fv2%2Fmedia&parent=2094"}],"wp:term":[{"taxonomy":"post_tag","embeddable":true,"href":"https:\/\/lummetiedotus.fi\/index.php?rest_route=%2Fwp%2Fv2%2Ftags&post=2094"},{"taxonomy":"tribe_events_cat","embeddable":true,"href":"https:\/\/lummetiedotus.fi\/index.php?rest_route=%2Fwp%2Fv2%2Ftribe_events_cat&post=2094"}],"curies":[{"name":"wp","href":"https:\/\/api.w.org\/{rel}","templated":true}]}}

Päivälukupiiri

<p><img loading="lazy" decoding="async" class="size-medium wp-image-2534 alignnone" src="https://lummetiedotus.fi/wp-content/uploads/2025/08/Kevat-2026-Paivalukupiiri-v2-300x300.jpg" alt="" width="300" height="300" srcset="https://lummetiedotus.fi/wp-content/uploads/2025/08/Kevat-2026-Paivalukupiiri-v2-300x300.jpg 300w, https://lummetiedotus.fi/wp-content/uploads/2025/08/Kevat-2026-Paivalukupiiri-v2-1024x1024.jpg 1024w, https://lummetiedotus.fi/wp-content/uploads/2025/08/Kevat-2026-Paivalukupiiri-v2-150x150.jpg 150w, https://lummetiedotus.fi/wp-content/uploads/2025/08/Kevat-2026-Paivalukupiiri-v2-768x768.jpg 768w, https://lummetiedotus.fi/wp-content/uploads/2025/08/Kevat-2026-Paivalukupiiri-v2.jpg 1080w" sizes="auto, (max-width: 300px) 100vw, 300px" /></p>
<p>Pääkirjaston Päivälukupiirissä keskustellaan rennosti yhdessä luetusta kirjasta ja sen herättämistä ajatuksista. <br class="html-br" /><br class="html-br" />Päivälukupiiri kokoontuu tiistaisin klo 15-16 pääkirjaston toisen kerroksen kokoustila Porrassalmessa. Tila on sama kuin aiemmin, eli maakuntakokoelmahuoneena ja monitoimitilana tunnettu iso kokoushuone pääkirjaston toisessa kerroksessa, vain nimi on vaihtunut.</p>
<p>Keävätkaudella 2026 käsitellään seuraavat kirjat:</p>
<ul class="wp-block-list">
<li>20.1. <a href="https://lumme.finna.fi/Search/Results?lookfor=Markus+Nummi%3A+K%C3%A4r%C3%A4j%C3%A4t&amp;type=AllFields">Markus Nummi: Käräjät</a></li>
<li>17.2. <a href="https://lumme.finna.fi/Record/lumme.3081273?sid=5187739844">Juha Hernesniemi: Aivokirurgin muistelmat</a></li>
<li>17.3. <a href="https://lumme.finna.fi/Record/lumme.3018807?sid=5187740603">Colson Whitehead: Nickelin pojat</a></li>
<li>14.4. <a href="https://lumme.finna.fi/Record/lumme.2953968?sid=5187740921">Satu Vasantola: En palaa takaisin koskaan, luulen</a></li>
<li>12.5. <a href="https://lumme.finna.fi/Record/lumme.3081072?sid=5187741242">Maria Turtschaninoff: Suomaa</a></li>
</ul>
<p>Lisätietoja:<br />
riia.tiihonen at sivistys.mikkeli.fi.</p>
<p>Päivälukupiiri kirjaston sivuilla:<br />
<a href="https://kirjasto.mikkeli.fi/lukupiirit/paivalukupiiri/">https://kirjasto.mikkeli.fi/lukupiirit/paivalukupiiri/</a></p>

<p>Pääkirjaston Päivälukupiirissä keskustellaan rennosti yhdessä luetusta kirjasta ja sen herättämistä ajatuksista. Päivälukupiiri kokoontuu tiistaisin klo 15-16 pääkirjaston toisen kerroksen kokoustila Porrassalmessa. Tila on sama kuin aiemmin, eli maakuntakokoelmahuoneena ja monitoimitilana tunnettu&hellip; <a class="more-link" href="https://lummetiedotus.fi/?tribe_events=paivalukupiiri">Jatka lukemista <span class="screen-reader-text">Päivälukupiiri</span></a></p>
